{"id":9,"date":"2024-01-06T00:01:44","date_gmt":"2024-01-05T23:01:44","guid":{"rendered":"http:\/\/bywalec.eu\/?page_id=9"},"modified":"2024-01-06T00:28:52","modified_gmt":"2024-01-05T23:28:52","slug":"strona-glowna","status":"publish","type":"page","link":"http:\/\/bywalec.eu\/","title":{"rendered":"Aktualno\u015bci"},"content":{"rendered":"\n<p>W zesz\u0142\u0105 sobot\u0119 odby\u0142a si\u0119 nasza pierwsza wycieczka! Wybrali\u015bmy si\u0119 do \u0141odzi, gdzie wraz z przewodniczk\u0105 zwiedzili\u015bmy ca\u0142e miasto, a wieczorem za\u015b ogl\u0105dali\u015bmy spektakl ,,Les Miserables&#8221; (PL. ,, N\u0119dznicy&#8221;) w Teatrze Muzycznym. C\u00f3\u017c to by\u0142 za wyjazd! Emocje powoli opadaj\u0105, a my zapraszamy Pa\u0144stwa na nasze kolejne wyjazdy do \u0141odzi.<\/p>\n\n\n\n<p>W ramach wycieczki oferujemy Pa\u0144stwu:<\/p>\n\n\n\n<p>&#8211; Przejazd z i do \u0141odzi autokarem<\/p>\n\n\n\n<p>&#8211; <a><\/a>Zwiedzanie miasta wraz z lokalnym przewodnikiem<\/p>\n\n\n\n<p>&#8211; Czas wolny pod Manufaktur\u0105 &#8211; pi\u0119kn\u0105 wizyt\u00f3wk\u0105 \u0141odzi ( w czasie wolnym dla ch\u0119tnych zwiedzanie Pa\u0142acu Pozna\u0144skiego)<\/p>\n\n\n\n<p>&#8211; Obejrzenie spektaklu ,,N\u0119dznicy&#8221; na deskach Teatru Muzycznego, kt\u00f3ry cieszy si\u0119 niezwyk\u0142\u0105 popularno\u015bci\u0105 i zbiera wiele pozytywnych opinii<\/p>\n\n\n\n<p>Serdecznie Zapraszamy do kontaktu po wi\u0119cej informacji!!!<\/p>\n\n\n\n<p><a href=\"https:\/\/www.facebook.com\/hashtag\/teatrmuzyczny?__eep__=6&amp;__cft__[0]=AZWEJHix0wrFtTIlw_vBM7iXft5s6HKoeQkFFilWI3XgISA1n93cro5ykvyRcIjP1WJMe0AMl4720cJQWi5KIUXx-jYNHEOhxa8BnqkwHn4VTCuaAV1xZ0acZdwklpqekEtDUdUJYoOJRnlk9izt3UHHaVoafHUdU4vY6WsEfPyehzdmb4GNwhDLA0hFN7odh-k&amp;__tn__=*NK-R\">#teatrmuzyczny<\/a><a href=\"https:\/\/www.facebook.com\/hashtag\/lodz?__eep__=6&amp;__cft__[0]=AZWEJHix0wrFtTIlw_vBM7iXft5s6HKoeQkFFilWI3XgISA1n93cro5ykvyRcIjP1WJMe0AMl4720cJQWi5KIUXx-jYNHEOhxa8BnqkwHn4VTCuaAV1xZ0acZdwklpqekEtDUdUJYoOJRnlk9izt3UHHaVoafHUdU4vY6WsEfPyehzdmb4GNwhDLA0hFN7odh-k&amp;__tn__=*NK-R\">#lodz<\/a><a href=\"https:\/\/www.facebook.com\/hashtag\/kochampolske?__eep__=6&amp;__cft__[0]=AZWEJHix0wrFtTIlw_vBM7iXft5s6HKoeQkFFilWI3XgISA1n93cro5ykvyRcIjP1WJMe0AMl4720cJQWi5KIUXx-jYNHEOhxa8BnqkwHn4VTCuaAV1xZ0acZdwklpqekEtDUdUJYoOJRnlk9izt3UHHaVoafHUdU4vY6WsEfPyehzdmb4GNwhDLA0hFN7odh-k&amp;__tn__=*NK-R\">#kochampolske<\/a><a href=\"https:\/\/www.facebook.com\/hashtag\/wielewra%C5%BCe%C5%84?__eep__=6&amp;__cft__[0]=AZWEJHix0wrFtTIlw_vBM7iXft5s6HKoeQkFFilWI3XgISA1n93cro5ykvyRcIjP1WJMe0AMl4720cJQWi5KIUXx-jYNHEOhxa8BnqkwHn4VTCuaAV1xZ0acZdwklpqekEtDUdUJYoOJRnlk9izt3UHHaVoafHUdU4vY6WsEfPyehzdmb4GNwhDLA0hFN7odh-k&amp;__tn__=*NK-R\">#wielewra\u017ce\u0144<\/a><a href=\"https:\/\/www.facebook.com\/hashtag\/zwiedzanie?__eep__=6&amp;__cft__[0]=AZWEJHix0wrFtTIlw_vBM7iXft5s6HKoeQkFFilWI3XgISA1n93cro5ykvyRcIjP1WJMe0AMl4720cJQWi5KIUXx-jYNHEOhxa8BnqkwHn4VTCuaAV1xZ0acZdwklpqekEtDUdUJYoOJRnlk9izt3UHHaVoafHUdU4vY6WsEfPyehzdmb4GNwhDLA0hFN7odh-k&amp;__tn__=*NK-R\">#zwiedzanie<\/a><a href=\"https:\/\/www.facebook.com\/hashtag\/kulturaisztuka?__eep__=6&amp;__cft__[0]=AZWEJHix0wrFtTIlw_vBM7iXft5s6HKoeQkFFilWI3XgISA1n93cro5ykvyRcIjP1WJMe0AMl4720cJQWi5KIUXx-jYNHEOhxa8BnqkwHn4VTCuaAV1xZ0acZdwklpqekEtDUdUJYoOJRnlk9izt3UHHaVoafHUdU4vY6WsEfPyehzdmb4GNwhDLA0hFN7odh-k&amp;__tn__=*NK-R\">#kulturaisztuka<\/a><a href=\"https:\/\/www.facebook.com\/hashtag\/nedznicy?__eep__=6&amp;__cft__[0]=AZWEJHix0wrFtTIlw_vBM7iXft5s6HKoeQkFFilWI3XgISA1n93cro5ykvyRcIjP1WJMe0AMl4720cJQWi5KIUXx-jYNHEOhxa8BnqkwHn4VTCuaAV1xZ0acZdwklpqekEtDUdUJYoOJRnlk9izt3UHHaVoafHUdU4vY6WsEfPyehzdmb4GNwhDLA0hFN7odh-k&amp;__tn__=*NK-R\">#nedznicy<\/a><a href=\"https:\/\/www.facebook.com\/hashtag\/musical?__eep__=6&amp;__cft__[0]=AZWEJHix0wrFtTIlw_vBM7iXft5s6HKoeQkFFilWI3XgISA1n93cro5ykvyRcIjP1WJMe0AMl4720cJQWi5KIUXx-jYNHEOhxa8BnqkwHn4VTCuaAV1xZ0acZdwklpqekEtDUdUJYoOJRnlk9izt3UHHaVoafHUdU4vY6WsEfPyehzdmb4GNwhDLA0hFN7odh-k&amp;__tn__=*NK-R\">#musical<\/a><a href=\"https:\/\/www.facebook.com\/hashtag\/kochammusicale?__eep__=6&amp;__cft__[0]=AZWEJHix0wrFtTIlw_vBM7iXft5s6HKoeQkFFilWI3XgISA1n93cro5ykvyRcIjP1WJMe0AMl4720cJQWi5KIUXx-jYNHEOhxa8BnqkwHn4VTCuaAV1xZ0acZdwklpqekEtDUdUJYoOJRnlk9izt3UHHaVoafHUdU4vY6WsEfPyehzdmb4GNwhDLA0hFN7odh-k&amp;__tn__=*NK-R\">#kochammusicale<\/a><\/p>\n\n\n\n<figure class=\"wp-block-image size-large\"><img loading=\"lazy\" decoding=\"async\" width=\"1024\" height=\"768\" src=\"http:\/\/bywalec.eu\/wp-content\/uploads\/2024\/01\/405081957_219285954527108_5859913013107080528_n-1024x768.jpg\" alt=\"\" class=\"wp-image-26\" srcset=\"http:\/\/bywalec.eu\/wp-content\/uploads\/2024\/01\/405081957_219285954527108_5859913013107080528_n-1024x768.jpg 1024w, http:\/\/bywalec.eu\/wp-content\/uploads\/2024\/01\/405081957_219285954527108_5859913013107080528_n-300x225.jpg 300w, http:\/\/bywalec.eu\/wp-content\/uploads\/2024\/01\/405081957_219285954527108_5859913013107080528_n-768x576.jpg 768w, http:\/\/bywalec.eu\/wp-content\/uploads\/2024\/01\/405081957_219285954527108_5859913013107080528_n.jpg 1280w\" sizes=\"auto, (max-width: 1024px) 100vw, 1024px\" \/><\/figure>\n\n\n\n<p><\/p>\n","protected":false},"excerpt":{"rendered":"<p>W zesz\u0142\u0105 sobot\u0119 odby\u0142a si\u0119 nasza pierwsza wycieczka! Wybrali\u015bmy si\u0119 do \u0141odzi, gdzie wraz z przewodniczk\u0105 zwiedzili\u015bmy ca\u0142e miasto, a wieczorem za\u015b ogl\u0105dali\u015bmy spektakl ,,Les Miserables&#8221; (PL. ,, N\u0119dznicy&#8221;) w Teatrze Muzycznym. C\u00f3\u017c to by\u0142 za wyjazd! Emocje powoli opadaj\u0105, a my zapraszamy Pa\u0144stwa na nasze kolejne wyjazdy do \u0141odzi. W ramach wycieczki oferujemy Pa\u0144stwu: [&hellip;]<\/p>\n","protected":false},"author":1,"featured_media":0,"parent":0,"menu_order":0,"comment_status":"closed","ping_status":"closed","template":"","meta":{"footnotes":""},"class_list":["post-9","page","type-page","status-publish","hentry"],"_links":{"self":[{"href":"http:\/\/bywalec.eu\/index.php?rest_route=\/wp\/v2\/pages\/9","targetHints":{"allow":["GET"]}}],"collection":[{"href":"http:\/\/bywalec.eu\/index.php?rest_route=\/wp\/v2\/pages"}],"about":[{"href":"http:\/\/bywalec.eu\/index.php?rest_route=\/wp\/v2\/types\/page"}],"author":[{"embeddable":true,"href":"http:\/\/bywalec.eu\/index.php?rest_route=\/wp\/v2\/users\/1"}],"replies":[{"embeddable":true,"href":"http:\/\/bywalec.eu\/index.php?rest_route=%2Fwp%2Fv2%2Fcomments&post=9"}],"version-history":[{"count":5,"href":"http:\/\/bywalec.eu\/index.php?rest_route=\/wp\/v2\/pages\/9\/revisions"}],"predecessor-version":[{"id":27,"href":"http:\/\/bywalec.eu\/index.php?rest_route=\/wp\/v2\/pages\/9\/revisions\/27"}],"wp:attachment":[{"href":"http:\/\/bywalec.eu\/index.php?rest_route=%2Fwp%2Fv2%2Fmedia&parent=9"}],"curies":[{"name":"wp","href":"https:\/\/api.w.org\/{rel}","templated":true}]}}